 is divided by r?
13
Suppose -41*n + 33833 + 52185 = 0. What is the remainder when n is divided by 15?
13
Suppose -n - 2*n + 15 = 0. Let k be 636/15 - n - 4/10. Let g = -23 + k. What is the remainder when g is divided by 3?
2
Suppose 2*u + 2*t - 20 = 0, -20 = -5*t + 10*t. Calculate the remainder when 1183 is divided by u.
7
Suppose -2*t = t - 87. Let b = -17 + 81. Let h = b - 47. Calculate the remainder when t is divided by h.
12
Suppose -2*q + 4*p = 2*q - 15880, 15875 = 4*q - 5*p. What is the remainder when q is divided by 97?
95
Let r = 161 + -132. Let k = -53 + 82. Suppose l = -u + 11, k = 3*u - 4*l - 4. Calculate the remainder when r is divided by u.
7
Suppose -16*t = -19*t + 26 + 2560. Calculate the remainder when t is divided by 27.
25
Let y = -927 - -1209. Calculate the remainder when 854 is divided by y.
8
Let b = 4857 - 4740. Suppose -2*x + 24 + 24 = 0. Calculate the remainder when b is divided by x.
21
Suppose 57184 = 8*s + 22000. Suppose -5*d - s = -11*d. What is the remainder when d is divided by 21?
19
Let c(m) = -10*m**2 + m + 71. Let n be c(-7). Let f = -372 - n. What is the remainder when f is divided by 22?
10
Suppose -o - 127 + 323 = 3*s, s + 420 = 2*o. Suppose 0 = -56*v + 394 + 1566. Calculate the remainder when o is divided by v.
33
Suppose -9*w + 64 = -5*w. Suppose 24*m - 11601 = 13695. Suppose 11*p - m = -6*p. Calculate the remainder when p is divided by w.
14
Suppose -2040 = -37*k + 2104. Let t(j) = j**3 + 9*j**2 + 6*j + 4. What is the remainder when k is divided by t(-8)?
12
Let f(s) = 4*s**2 + s - 1. Suppose -2*c = 75 - 27. Calculate the remainder when f(2) is divided by (-22)/(-5) + (-5)/(200/c).
2
Suppose -679 + 3550 = 33*l. What is the remainder when l is divided by (-414)/(-27)*(-3)/(-2)?
18
Suppose -2*l - 169 = -173. Suppose l*h - 58 - 18 = 0. Calculate the remainder when 223 is divided by h.
33
Calculate the remainder when 58 is divided by (-3 - -1)/((0 - 3)/(4 + -1)).
0
Suppose 0 = -8*t + 46 - 6. Suppose 0 = -t*d - 3*j + 150, -j + 38 = 2*d - 23. Calculate the remainder when 97 is divided by d.
31
Let m be ((0 - 0)*-1)/(2/(-1)). Let c be (-3 - 0) + -1 - -68. Suppose m = 2*w + 40 - c. Calculate the remainder when 43 is divided by w.
7
Suppose -4*g - 32 = -8*g. Suppose 2*p = 2*w + 98, p - g - 42 = 2*w. Suppose p = -0*d + 3*d. Calculate the remainder when 79 is divided by d.
15
Let i be (-25)/3*(72 + (7 - 7)). Let a = -478 - i. What is the remainder when a is divided by 38?
8
Let p be 8/1 + -45 + 38. Calculate the remainder when 109 is divided by p + -2 + -4 + (-108)/(-4).
21
Suppose -6*v + 233 + 1465 = 0. Let b = 165 + 7. Let d = v - b. Calculate the remainder when d is divided by 28.
27
Let w(i) be the second derivative of 2*i**3/3 + i**2 + 12*i. Let p be (4/(-2 - -6))/1. What is the remainder when 21 is divided by w(p)?
3
Suppose -2*f = -6*q - 38, -149 = -3*f + 2*q - 120. Calculate the remainder when 104 is divided by f.
6
Let b = -50 + 55. Suppose b*x - 56 = -3*x. Suppose -x = 2*p - k - 69, 2*k = -4*p + 108. Calculate the remainder when p is divided by 8.
5
Let v(l) = 9*l - 22. Let a be v(7). Suppose 10*z - 181 = -a. Calculate the remainder when z is divided by 9.
5
Calculate the remainder when ((-25)/4)/(-5) - (-6 + 28917/(-108)) is divided by 4.
3
Let x = -90 - -100. Suppose -15*o + 55 = -x*o. Suppose 13*v - o*v = 164. What is the remainder when v is divided by 7?
5
Suppose 0 = -30*a + 25*a + 15, -776 = -4*g - 4*a. What is the remainder when 327 is divided by g?
136
Suppose 0 = 5*a + 3*f + 14, -2 = 3*a - 2*a + f. Let c = 6 - a. Suppose -14 = -o + 33*b - 30*b, -5*o = -3*b - 22. Calculate the remainder when c is divided by o.
0
Let v(u) = 2*u**3 + 123*u - 354. What is the remainder when 255 is divided by v(3)?
48
Suppose -5*v + v = -5*z - 70, -5*v + 2*z + 96 = 0. Let j(u) = 6*u + 40. Let o be j(-6). What is the remainder when ((-6)/9)/(o/(-312)) is divided by v?
12
Suppose 5*i - 18 = 37. Suppose -i + 29 = 3*d. Calculate the remainder when (-39 - -1)*d/(-12) is divided by 11.
8
Let w = -45 + 59. What is the remainder when 85 is divided by w?
1
Suppose -15*u + 2452 = 262. Calculate the remainder when 2186 is divided by u.
142
Let l(s) = -77*s - 2. Let i be l(-1). Suppose 53 = -2*x + i. Calculate the remainder when 36 is divided by x.
3
Let v be (-3669)/(-9) + (-5)/(-15). Suppose v = 3*j - 0*y + y, 5*y = 3*j - 408. Suppose 0 = -w - 3*w + j. What is the remainder when w is divided by 19?
15
Let g = 64 + 6. Let b = 76 - g. Suppose b*d - 270 = -9*d. Calculate the remainder when 52 is divided by d.
16
Let u = 108 - 85. Let g(d) = -d - 15. Let l be g(-19). What is the remainder when u is divided by 2/(-1) + (14 - l)?
7
Let z(y) = 57 - 79 + 16*y - 3*y. Let l be 1/(-6 + 8)*(21 + 1). Calculate the remainder when z(l) is divided by 31.
28
Let d(w) = w**2 - 4. Let q be d(-3). Calculate the remainder when 195 is divided by (-1 + q)*(-1323)/(-108).
48
Suppose 58 = 2*f + 38, -2*y + 5*f - 6 = 0. Suppose -4*j + 364 + 44 = 0. What is the remainder when j is divided by y?
14
Suppose 29*z - 420 = 19*z. Calculate the remainder when 1372/4 + -5 - 3 is divided by z.
41
Suppose 2*h = -4*d + 46, -3*h - 9 = -0*h. Suppose -32 = -d*t + 9*t. What is the remainder when 48/3 + -2*3/2 is divided by t?
5
Suppose -7*q + 2583 + 3157 = 0. Suppose -3*b + q = -221. What is the remainder when b is divided by 12?
11
Let y(o) = o**2 + 8*o + 8. Let r be y(-10). Suppose 27*v + 41 = r*v. Calculate the remainder when v is divided by 12.
5
Let m(t) = -15*t - 103. Let b = -393 + 385. Calculate the remainder when m(b) is divided by 15.
2
Suppose 630 = -29*l + 30*l. Let c = l - 547. Suppose 4*z = 121 - 49. What is the remainder when c is divided by z?
11
What is the remainder when 389 is divided by 408/10 + -1 + (-5)/(-25)?
29
Suppose -6*w = -6 - 12. Suppose w*l - 123 = 3*x - 0*x, 2*l + 3*x = 57. Calculate the remainder when 359 is divided by l.
35
Suppose 1010*q - 973*q - 1739 = 0. Calculate the remainder when 379 is divided by q.
3
Let n = 647 + -414. Suppose 3*a - 35 - 85 = -4*d, 2*d - 40 = -a. Calculate the remainder when n is divided by a.
33
Let b = 164 + 83. Let y = -164 + b. What is the remainder when y is divided by 18?
11
Let l(s) = -5*s + 2. Let h(g) = -19*g + 10. Let f(t) = 2*h(t) - 9*l(t). Calculate the remainder when f(20) is divided by 36.
34
Let c(m) = m - 1. Let f = 297 + -247. Suppose 18*q - f - 382 = 0. What is the remainder when q is divided by c(6)?
4
Let c(l) = -2*l**2 + 20*l + 15. Let y be c(11). Let s = y + 29. Let p = -10 + s. Calculate the remainder when p is divided by 5.
2
Let b = -1945 - -1958. What is the remainder when 14 is divided by b?
1
Suppose 0 = 13*w + 33*w - 34*w - 84. What is the remainder when 2679 is divided by w?
5
Let o = -1629 - -4056. What is the remainder when o is divided by 76?
71
Suppose -12 = 5*m - 47. Let p = -167 - -170. Suppose -5*u - p*l = -2*l - 137, 5*u = -3*l + 141. Calculate the remainder when u is divided by m.
6
Suppose -2*r = -3*c - 1446, -12*c + 10*c - r = 971. Let l = 515 + c. Calculate the remainder when 92 is divided by l.
30
Suppose 0*u - 2*u + 206 = 0. What is the remainder when u is divided by (14/3)/((22/231)/(3/7))?
19
Let v be (0 - (-15)/(-2))*8/6. Let f = -2 - v. Calculate the remainder when f is divided by 1 - (-18)/12*2.
0
Let v(n) be the first derivative of -n**4/4 - 15*n**3 + 95*n**2/2 + 79*n - 160. What is the remainder when 2/(-6) + (-379)/(-3) is divided by v(-47)?
30
Suppose -4*c + 83 = 5*o, 8 = -c + 5. Let h(y) = -6*y**3 - 3*y**2 + y + 2. What is the remainder when h(-2) is divided by o?
17
What is the remainder when 171 is divided by (-14)/(-5)*(-3300)/(-160) - 3/(-12)?
55
Suppose -4*r + 2*y + 601 = 499, 5*r = -y + 145. What is the remainder when 317 is divided by r?
9
Let u(p) = -12*p**2 - 35*p + 18. Calculate the remainder when 293 is divided by u(-3).
8
Let q be 368/24 + (-5)/15. Suppose 4*r - 228 = 4*b, q*b - 63 = -r + 13*b. What is the remainder when 110 is divided by r?
51
Let v be 60/(-9)*(-12)/8. Suppose 3*d - 4*d - v = 5*p, 2*d = -2*p - 12. Calculate the remainder when 4 is divided by (-8)/(-1)*p/(-2).
0
Suppose 8*z = 4*z - 2*k + 1006, 4*k - 500 = -2*z. Suppose -12*w = -3*w - z. Let u = w - 12. Calculate the remainder when u is divided by 9.
7
Let x = -169 - -171. S